{"id":593,"date":"2015-10-30T00:31:25","date_gmt":"2015-10-29T23:31:25","guid":{"rendered":"http:\/\/grasa.cz\/superclovek\/?page_id=593"},"modified":"2015-10-30T01:26:34","modified_gmt":"2015-10-30T00:26:34","slug":"affiliate","status":"publish","type":"page","link":"https:\/\/grasa.cz\/superclovek\/affiliate\/","title":{"rendered":"Affiliate"},"content":{"rendered":"<p>&nbsp;<\/p>\n<p style=\"text-align: center;\"><a href=\"http:\/\/grasa.cz\/superclovek\/affiliate-zona\/\">Zaregistrovat se do partnersk\u00e9ho programu<\/a> nebo se <a href=\"http:\/\/grasa.cz\/superclovek\/prihlaseni-partnera\/\">P\u0159ihl\u00e1sit se do ji\u017e aktivn\u00edho partnersk\u00e9ho\u00a0\u00fa\u010dtu<\/a><\/p>\n<p style=\"text-align: center;\">\u2014\u2014\u2014\u2014\u2014\u2014\u2014\u2014\u2014\u2014\u2014\u2014\u2014\u2014\u2014\u2014\u2014\u2014\u2014\u2014\u2014\u2014\u2014\u2014\u2014\u2014\u2014\u2014\u2014<\/p>\n<p>&nbsp;<\/p>\n<p>&nbsp;<\/p>\n<h2>V\u00edtejte u affiliate programu knihy Super\u010dlov\u011bk<\/h2>\n<p>Nab\u00edz\u00edm mo\u017enost spolupr\u00e1ce p\u0159i propagaci m\u00e9ho e-booku. M\u00e1te mo\u017enost se registrovat do partnersk\u00e9ho programu, kde dostanete sv\u016fj unik\u00e1tn\u00ed odkaz a pomoc\u00ed n\u011bj m\u016f\u017eete m\u016f\u017eete produkt propagovat a z\u00edskat tak odm\u011bnu dle nastaven\u00fdch podm\u00ednek:<\/p>\n<ol>\n<li><strong>V\u00fd\u0161e provize za prodej knihy je 25 % z celkov\u00e9 \u010d\u00e1stky\u00a0zbo\u017e\u00ed<\/strong> (dle v\u00fdkonnosti partnera se m\u016f\u017ee provize zvy\u0161ovat!)<\/li>\n<\/ol>\n<ul>\n<li><strong>e-book Super\u010dlov\u011bk 25 % = 87,50 K\u010d<\/strong><\/li>\n<li><strong>e-book Super\u010dlov\u011bk a 5 bonus\u016f 25 % = 112,50 K\u010d<\/strong><\/li>\n<\/ul>\n<ol start=\"2\">\n<li><strong>Platnost cookie je 60 dn\u016f<\/strong> (pokud v tomto obdob\u00ed z\u00e1kazn\u00edk nakoup\u00ed\u00a0skrze v\u00e1\u0161 odkaz, tak z\u00edsk\u00e1v\u00e1te provizi)<\/li>\n<li><strong>V\u00fdplata je zas\u00edl\u00e1na 1x za m\u011bs\u00edc, minim\u00e1ln\u00ed \u010d\u00e1stka pro v\u00fdplatu je 1000 K\u010d.<\/strong><\/li>\n<\/ol>\n<p>(cel\u00e9 partnersk\u00e9 podm\u00ednky najdete\u00a0<a href=\"http:\/\/grasa.cz\/superclovek\/obchodni-podminky-affiliate\/\">ZDE<\/a>)<\/p>\n<p>&nbsp;<\/p>\n<h2>Pro koho je affiliate program vhodn\u00fd?<\/h2>\n<p>Affiliate program e-booku Super\u010dlov\u011bk m\u016f\u017ee b\u00fdt fajn zdrojem p\u0159\u00edjmu nap\u0159\u00edklad pro bloggery nebo jin\u00e9 osoby, kter\u00e9 maj\u00ed z\u00e1jem o t\u00e9ma zdrav\u00e9ho \u017eivotn\u00edho stylu a osobn\u00edho rozvoje. Ka\u017ed\u00e9ho nov\u00e9ho partnera schv\u00e1l\u00edm osobn\u011b na z\u00e1klad\u011b vypln\u011bn\u00fdch informac\u00ed v registra\u010dn\u00edm formul\u00e1\u0159i \u2013 tam mi jednodu\u0161e pop\u00ed\u0161ete, kde a jak budete sv\u016fj odkaz \u010di bannery nab\u00edzet.<\/p>\n<p>M\u00e1m z\u00e1jem na tom, aby se kniha propagovala co nejlep\u0161\u00edm zp\u016fsobem a partne\u0159i m\u011bli o t\u00e9ma opravdu z\u00e1jem a nab\u00edzeli produkt vhodn\u00e9 c\u00edlov\u00e9 skupin\u011b. Spam neberu!<\/p>\n<p>M\u00fdm c\u00edlem nen\u00ed m\u00edt stovky partner\u016f, kte\u0159\u00ed zaspamuj\u00ed cel\u00fd internet, ale klidn\u011b jen p\u00e1r kvalitn\u00edch, kte\u0159\u00ed d\u00edlu v\u011b\u0159\u00ed a v\u011bd\u00ed, pro\u010d ho nab\u00edzej\u00ed.<\/p>\n<p>Pokud jste do\u010detli a\u017e sem a st\u00e1le m\u00e1te o spolupr\u00e1ci z\u00e1jem, tak se nev\u00e1hejte <a href=\"http:\/\/grasa.cz\/superclovek\/affiliate-zona\/\">zaregistrovat do affiliate programu<\/a>.<\/p>\n<p>&nbsp;<\/p>\n<p>V p\u0159\u00edpad\u011b dotaz\u016f m\u011b kontaktujte na <a href=\"mailto:michal@grasa.cz\">michal@grasa.cz<\/a><\/p>\n<p>&nbsp;<\/p>\n","protected":false},"excerpt":{"rendered":"<p class=\"excerpt\">&nbsp; Zaregistrovat se do partnersk\u00e9ho programu nebo se P\u0159ihl\u00e1sit se do ji\u017e aktivn\u00edho partnersk\u00e9ho\u00a0\u00fa\u010dtu \u2014\u2014\u2014\u2014\u2014\u2014\u2014\u2014\u2014\u2014\u2014\u2014\u2014\u2014\u2014\u2014\u2014\u2014\u2014\u2014\u2014\u2014\u2014\u2014\u2014\u2014\u2014\u2014\u2014 &nbsp; &nbsp; V\u00edtejte u affiliate programu knihy Super\u010dlov\u011bk Nab\u00edz\u00edm mo\u017enost spolupr\u00e1ce p\u0159i propagaci m\u00e9ho e-booku. M\u00e1te mo\u017enost se registrovat do partnersk\u00e9ho programu, kde dostanete sv\u016fj unik\u00e1tn\u00ed odkaz a pomoc\u00ed n\u011bj m\u016f\u017eete m\u016f\u017eete produkt propagovat a z\u00edskat tak odm\u011bnu dle nastaven\u00fdch [&hellip;]<\/p>\n","protected":false},"author":1,"featured_media":0,"parent":0,"menu_order":0,"comment_status":"closed","ping_status":"closed","template":"page-templates\/page-full-width.php","meta":{"footnotes":""},"_links":{"self":[{"href":"https:\/\/grasa.cz\/superclovek\/wp-json\/wp\/v2\/pages\/593"}],"collection":[{"href":"https:\/\/grasa.cz\/superclovek\/wp-json\/wp\/v2\/pages"}],"about":[{"href":"https:\/\/grasa.cz\/superclovek\/wp-json\/wp\/v2\/types\/page"}],"author":[{"embeddable":true,"href":"https:\/\/grasa.cz\/superclovek\/wp-json\/wp\/v2\/users\/1"}],"replies":[{"embeddable":true,"href":"https:\/\/grasa.cz\/superclovek\/wp-json\/wp\/v2\/comments?post=593"}],"version-history":[{"count":0,"href":"https:\/\/grasa.cz\/superclovek\/wp-json\/wp\/v2\/pages\/593\/revisions"}],"wp:attachment":[{"href":"https:\/\/grasa.cz\/superclovek\/wp-json\/wp\/v2\/media?parent=593"}],"curies":[{"name":"wp","href":"https:\/\/api.w.org\/{rel}","templated":true}]}}